{"id":322,"date":"2024-02-29T01:06:44","date_gmt":"2024-02-29T00:06:44","guid":{"rendered":"https:\/\/ommarshawkii.com\/index.php\/mi-cuenta\/"},"modified":"2024-03-01T02:23:06","modified_gmt":"2024-03-01T01:23:06","slug":"mi-cuenta","status":"publish","type":"page","link":"https:\/\/ommarshawkii.com\/index.php\/mi-cuenta\/","title":{"rendered":"Mi cuenta"},"content":{"rendered":"<style>.elementor-322 .elementor-element.elementor-element-8e14447 > .elementor-background-overlay{background-color:#000000;opacity:0.75;transition:background 0.3s, border-radius 0.3s, opacity 0.3s;}.elementor-322 .elementor-element.elementor-element-8e14447 .elementor-background-overlay{filter:brightness( 100% ) contrast( 100% ) saturate( 0% ) blur( 0px ) hue-rotate( 0deg );}.elementor-322 .elementor-element.elementor-element-8e14447{transition:background 0.3s, border 0.3s, border-radius 0.3s, box-shadow 0.3s;margin-top:0px;margin-bottom:0px;padding:100px 0px 150px 0px;}.elementor-322 .elementor-element.elementor-element-7df90674 > .elementor-widget-wrap > .elementor-widget:not(.elementor-widget__width-auto):not(.elementor-widget__width-initial):not(:last-child):not(.elementor-absolute){margin-block-end:0px;}.elementor-322 .elementor-element.elementor-element-7df90674 > .elementor-element-populated{margin:0px 0px 0px 0px;--e-column-margin-right:0px;--e-column-margin-left:0px;padding:0px 0px 0px 0px;}.elementor-322 .elementor-element.elementor-element-6b3b6ed8 .elementor-heading-title{color:#FFFFFF;}.elementor-322 .elementor-element.elementor-element-6b3b6ed8 > .elementor-widget-container{margin:0px 0px 0px 0px;padding:0px 0px 0px 0px;}.elementor-322 .elementor-element.elementor-element-6f8e85f2 > .elementor-element-populated{margin:0px 0px 0px 0px;--e-column-margin-right:0px;--e-column-margin-left:0px;padding:0px 0px 0px 0px;}.elementor-322 .elementor-element.elementor-element-410ad927{margin-top:-100px;margin-bottom:0px;padding:0px 0px 0px 0px;}.elementor-bc-flex-widget .elementor-322 .elementor-element.elementor-element-514a0f84.elementor-column .elementor-widget-wrap{align-items:center;}.elementor-322 .elementor-element.elementor-element-514a0f84.elementor-column.elementor-element[data-element_type=\"column\"] > .elementor-widget-wrap.elementor-element-populated{align-content:center;align-items:center;}.elementor-322 .elementor-element.elementor-element-514a0f84 > .elementor-widget-wrap > .elementor-widget:not(.elementor-widget__width-auto):not(.elementor-widget__width-initial):not(:last-child):not(.elementor-absolute){margin-block-end:0px;}.elementor-322 .elementor-element.elementor-element-514a0f84 > .elementor-element-populated{transition:background 0.3s, border 0.3s, border-radius 0.3s, box-shadow 0.3s;margin:0px 0px 0px 0px;--e-column-margin-right:0px;--e-column-margin-left:0px;padding:0px 0px 0px 0px;}.elementor-322 .elementor-element.elementor-element-514a0f84 > .elementor-element-populated > .elementor-background-overlay{transition:background 0.3s, border-radius 0.3s, opacity 0.3s;}.elementor-322 .elementor-element.elementor-element-2038e323:not(.elementor-motion-effects-element-type-background), .elementor-322 .elementor-element.elementor-element-2038e323 > .elementor-motion-effects-container > .elementor-motion-effects-layer{background-color:var( --e-global-color-88eb938 );}.elementor-322 .elementor-element.elementor-element-2038e323{box-shadow:0px -5px 10px 0px rgba(0, 0, 0, 0.1);transition:background 0.3s, border 0.3s, border-radius 0.3s, box-shadow 0.3s;margin-top:0px;margin-bottom:0px;padding:0px 0px 0px 0px;}.elementor-322 .elementor-element.elementor-element-2038e323 > .elementor-background-overlay{transition:background 0.3s, border-radius 0.3s, opacity 0.3s;}.elementor-322 .elementor-element.elementor-element-3b13ff35 > .elementor-element-populated{margin:0px 0px 0px 0px;--e-column-margin-right:0px;--e-column-margin-left:0px;padding:0px 0px 0px 0px;}.elementor-322 .elementor-element.elementor-element-66533bd3 .elementor-heading-title{font-family:\"Raleway\", Sans-serif;font-weight:700;text-transform:uppercase;}.elementor-322 .elementor-element.elementor-element-66533bd3 > .elementor-widget-container{margin:0px 0px 0px 0px;padding:43px 0px 43px 50px;}.elementor-bc-flex-widget .elementor-322 .elementor-element.elementor-element-3f86da2a.elementor-column .elementor-widget-wrap{align-items:center;}.elementor-322 .elementor-element.elementor-element-3f86da2a.elementor-column.elementor-element[data-element_type=\"column\"] > .elementor-widget-wrap.elementor-element-populated{align-content:center;align-items:center;}.elementor-322 .elementor-element.elementor-element-3f86da2a > .elementor-element-populated{margin:0px 0px 0px 0px;--e-column-margin-right:0px;--e-column-margin-left:0px;padding:0px 50px 0px 0px;}.elementor-322 .elementor-element.elementor-element-5702767f .elementor-icon-wrapper{text-align:end;}.elementor-322 .elementor-element.elementor-element-5702767f .elementor-icon{font-size:20px;}.elementor-322 .elementor-element.elementor-element-5702767f .elementor-icon svg{height:20px;}.elementor-322 .elementor-element.elementor-element-5702767f > .elementor-widget-container{margin:0px 0px 0px 0px;padding:6px 0px 0px 0px;}.elementor-322 .elementor-element.elementor-element-400044ad > .elementor-element-populated{margin:0px 0px 0px 0px;--e-column-margin-right:0px;--e-column-margin-left:0px;padding:0px 0px 0px 0px;}.elementor-322 .elementor-element.elementor-element-5c301163{margin-top:0px;margin-bottom:0px;padding:0px 0px 0px 0px;}.elementor-322 .elementor-element.elementor-element-5c441dea > .elementor-element-populated{margin:0px 0px 0px 0px;--e-column-margin-right:0px;--e-column-margin-left:0px;padding:0px 0px 0px 0px;}.elementor-bc-flex-widget .elementor-322 .elementor-element.elementor-element-697fd1b6.elementor-column .elementor-widget-wrap{align-items:center;}.elementor-322 .elementor-element.elementor-element-697fd1b6.elementor-column.elementor-element[data-element_type=\"column\"] > .elementor-widget-wrap.elementor-element-populated{align-content:center;align-items:center;}.elementor-322 .elementor-element.elementor-element-697fd1b6 > .elementor-widget-wrap > .elementor-widget:not(.elementor-widget__width-auto):not(.elementor-widget__width-initial):not(:last-child):not(.elementor-absolute){margin-block-end:0px;}.elementor-322 .elementor-element.elementor-element-697fd1b6 > .elementor-element-populated{transition:background 0.3s, border 0.3s, border-radius 0.3s, box-shadow 0.3s;margin:0px 0px 0px 0px;--e-column-margin-right:0px;--e-column-margin-left:0px;padding:0px 0px 0px 0px;}.elementor-322 .elementor-element.elementor-element-697fd1b6 > .elementor-element-populated > .elementor-background-overlay{transition:background 0.3s, border-radius 0.3s, opacity 0.3s;}.elementor-322 .elementor-element.elementor-element-58cf41c6:not(.elementor-motion-effects-element-type-background), .elementor-322 .elementor-element.elementor-element-58cf41c6 > .elementor-motion-effects-container > .elementor-motion-effects-layer{background-color:var( --e-global-color-primary );}.elementor-322 .elementor-element.elementor-element-58cf41c6{transition:background 0.3s, border 0.3s, border-radius 0.3s, box-shadow 0.3s;margin-top:0px;margin-bottom:0px;padding:30px 0px 30px 0px;}.elementor-322 .elementor-element.elementor-element-58cf41c6 > .elementor-background-overlay{transition:background 0.3s, border-radius 0.3s, opacity 0.3s;}.elementor-bc-flex-widget .elementor-322 .elementor-element.elementor-element-302d9e90.elementor-column .elementor-widget-wrap{align-items:center;}.elementor-322 .elementor-element.elementor-element-302d9e90.elementor-column.elementor-element[data-element_type=\"column\"] > .elementor-widget-wrap.elementor-element-populated{align-content:center;align-items:center;}.elementor-322 .elementor-element.elementor-element-302d9e90 > .elementor-element-populated{margin:0px 0px 0px 0px;--e-column-margin-right:0px;--e-column-margin-left:0px;padding:0px 0px 0px 0px;}.elementor-322 .elementor-element.elementor-element-4a884a05{--grid-template-columns:repeat(0, auto);--icon-size:15px;--grid-column-gap:20px;--grid-row-gap:0px;}.elementor-322 .elementor-element.elementor-element-4a884a05 .elementor-widget-container{text-align:center;}.elementor-322 .elementor-element.elementor-element-4a884a05 .elementor-social-icon{background-color:var( --e-global-color-88eb938 );--icon-padding:0.6em;}.elementor-322 .elementor-element.elementor-element-4a884a05 .elementor-social-icon i{color:var( --e-global-color-primary );}.elementor-322 .elementor-element.elementor-element-4a884a05 .elementor-social-icon svg{fill:var( --e-global-color-primary );}.elementor-322 .elementor-element.elementor-element-4a884a05 .elementor-social-icon:hover{background-color:var( --e-global-color-secondary );}.elementor-322 .elementor-element.elementor-element-4a884a05 .elementor-social-icon:hover i{color:var( --e-global-color-primary );}.elementor-322 .elementor-element.elementor-element-4a884a05 .elementor-social-icon:hover svg{fill:var( --e-global-color-primary );}.elementor-322 .elementor-element.elementor-element-61e6d317 > .elementor-background-overlay{background-image:url(\"https:\/\/ommarshawkii.com\/wp-content\/uploads\/2024\/02\/Overlay-Grey.png\");background-position:top center;background-repeat:no-repeat;opacity:1;transition:background 0.3s, border-radius 0.3s, opacity 0.3s;}.elementor-322 .elementor-element.elementor-element-61e6d317{transition:background 0.3s, border 0.3s, border-radius 0.3s, box-shadow 0.3s;margin-top:0px;margin-bottom:0px;padding:200px 0px 100px 0px;}.elementor-bc-flex-widget .elementor-322 .elementor-element.elementor-element-2b285260.elementor-column .elementor-widget-wrap{align-items:center;}.elementor-322 .elementor-element.elementor-element-2b285260.elementor-column.elementor-element[data-element_type=\"column\"] > .elementor-widget-wrap.elementor-element-populated{align-content:center;align-items:center;}.elementor-322 .elementor-element.elementor-element-2b285260 > .elementor-widget-wrap > .elementor-widget:not(.elementor-widget__width-auto):not(.elementor-widget__width-initial):not(:last-child):not(.elementor-absolute){margin-block-end:0px;}.elementor-322 .elementor-element.elementor-element-2b285260 > .elementor-element-populated{margin:0px 0px 0px 0px;--e-column-margin-right:0px;--e-column-margin-left:0px;padding:0px 0px 0px 0px;}.elementor-322 .elementor-element.elementor-element-51a3e49{--tabs-active-color:var( --e-global-color-primary );}@media(min-width:768px){.elementor-322 .elementor-element.elementor-element-7df90674{width:70%;}.elementor-322 .elementor-element.elementor-element-6f8e85f2{width:30%;}.elementor-322 .elementor-element.elementor-element-514a0f84{width:50%;}.elementor-322 .elementor-element.elementor-element-400044ad{width:50%;}.elementor-322 .elementor-element.elementor-element-5c441dea{width:50%;}.elementor-322 .elementor-element.elementor-element-697fd1b6{width:50%;}}@media(max-width:1024px){.elementor-322 .elementor-element.elementor-element-8e14447{margin-top:0px;margin-bottom:0px;padding:240px 0px 280px 0px;}.elementor-322 .elementor-element.elementor-element-6b3b6ed8 > .elementor-widget-container{padding:0px 0px 0px 30px;}.elementor-322 .elementor-element.elementor-element-410ad927{margin-top:-74px;margin-bottom:0px;}.elementor-322 .elementor-element.elementor-element-66533bd3 > .elementor-widget-container{padding:30px 0px 30px 30px;}.elementor-322 .elementor-element.elementor-element-3f86da2a > .elementor-element-populated{padding:0px 30px 0px 0px;}.elementor-322 .elementor-element.elementor-element-5c301163{margin-top:0px;margin-bottom:0px;}.elementor-322 .elementor-element.elementor-element-58cf41c6{padding:20px 0px 20px 0px;}.elementor-322 .elementor-element.elementor-element-4a884a05{--icon-size:15px;--grid-column-gap:10px;}.elementor-322 .elementor-element.elementor-element-61e6d317{padding:80px 0px 80px 0px;}.elementor-322 .elementor-element.elementor-element-2b285260 > .elementor-element-populated{padding:0px 30px 0px 0px;}}@media(max-width:767px){.elementor-322 .elementor-element.elementor-element-8e14447{margin-top:0px;margin-bottom:0px;padding:140px 0px 140px 0px;}.elementor-322 .elementor-element.elementor-element-6b3b6ed8 > .elementor-widget-container{padding:0px 20px 0px 20px;}.elementor-322 .elementor-element.elementor-element-410ad927{margin-top:0px;margin-bottom:0px;}.elementor-322 .elementor-element.elementor-element-3b13ff35{width:50%;}.elementor-322 .elementor-element.elementor-element-66533bd3 > .elementor-widget-container{padding:20px 0px 20px 20px;}.elementor-322 .elementor-element.elementor-element-3f86da2a{width:50%;}.elementor-322 .elementor-element.elementor-element-3f86da2a > .elementor-element-populated{padding:0px 20px 0px 0px;}.elementor-322 .elementor-element.elementor-element-5c301163{margin-top:0px;margin-bottom:0px;}.elementor-322 .elementor-element.elementor-element-5c441dea{width:100%;}.elementor-322 .elementor-element.elementor-element-697fd1b6{width:100%;}.elementor-322 .elementor-element.elementor-element-302d9e90 > .elementor-element-populated{padding:0px 0px 0px 0px;}.elementor-322 .elementor-element.elementor-element-61e6d317{margin-top:0px;margin-bottom:0px;padding:60px 0px 60px 0px;}.elementor-322 .elementor-element.elementor-element-2b285260 > .elementor-element-populated{padding:0px 20px 50px 0px;}}<\/style>\t\t<div data-elementor-type=\"wp-page\" data-elementor-id=\"322\" class=\"elementor elementor-322\" data-elementor-post-type=\"page\">\n\t\t\t\t\t\t<section class=\"elementor-section elementor-top-section elementor-element elementor-element-8e14447 elementor-section-boxed elementor-section-height-default elementor-section-height-default\" data-id=\"8e14447\" data-element_type=\"section\" data-e-type=\"section\" id=\"top\" data-settings=\"{&quot;background_background&quot;:&quot;video&quot;,&quot;background_video_link&quot;:&quot;http:\\\/\\\/ommarshawkii.com\\\/wp-content\\\/uploads\\\/2024\\\/02\\\/Video-presentacion-Web-Omar.mp4&quot;,&quot;background_video_start&quot;:0,&quot;background_play_on_mobile&quot;:&quot;yes&quot;}\">\n\t\t\t\t\t\t\t\t<div class=\"elementor-background-video-container\">\n\t\t\t\t\t\t\t\t\t\t\t\t\t<video class=\"elementor-background-video-hosted\" role=\"presentation\" autoplay muted playsinline loop><\/video>\n\t\t\t\t\t\t\t\t\t\t\t<\/div>\n\t\t\t\t\t\t\t\t\t<div class=\"elementor-background-overlay\"><\/div>\n\t\t\t\t\t\t\t<div class=\"elementor-container elementor-column-gap-default\">\n\t\t\t\t\t<div class=\"elementor-column elementor-col-50 elementor-top-column elementor-element elementor-element-7df90674\" data-id=\"7df90674\" data-element_type=\"column\" data-e-type=\"column\">\n\t\t\t<div class=\"elementor-widget-wrap elementor-element-populated\">\n\t\t\t\t\t\t<div class=\"elementor-element elementor-element-6b3b6ed8 elementor-invisible elementor-widget elementor-widget-heading\" data-id=\"6b3b6ed8\" data-element_type=\"widget\" data-e-type=\"widget\" data-settings=\"{&quot;_animation&quot;:&quot;fadeInUp&quot;,&quot;_animation_delay&quot;:400}\" data-widget_type=\"heading.default\">\n\t\t\t\t<div class=\"elementor-widget-container\">\n\t\t\t\t\t<h1 class=\"elementor-heading-title elementor-size-default\">Mi cuenta<\/h1>\t\t\t\t<\/div>\n\t\t\t\t<\/div>\n\t\t\t\t\t<\/div>\n\t\t<\/div>\n\t\t\t\t<div class=\"elementor-column elementor-col-50 elementor-top-column elementor-element elementor-element-6f8e85f2\" data-id=\"6f8e85f2\" data-element_type=\"column\" data-e-type=\"column\">\n\t\t\t<div class=\"elementor-widget-wrap\">\n\t\t\t\t\t\t\t<\/div>\n\t\t<\/div>\n\t\t\t\t\t<\/div>\n\t\t<\/section>\n\t\t\t\t<section class=\"elementor-section elementor-top-section elementor-element elementor-element-410ad927 elementor-section-boxed elementor-section-height-default elementor-section-height-default\" data-id=\"410ad927\" data-element_type=\"section\" data-e-type=\"section\">\n\t\t\t\t\t\t<div class=\"elementor-container elementor-column-gap-default\">\n\t\t\t\t\t<div class=\"elementor-column elementor-col-50 elementor-top-column elementor-element elementor-element-514a0f84\" data-id=\"514a0f84\" data-element_type=\"column\" data-e-type=\"column\" data-settings=\"{&quot;background_background&quot;:&quot;classic&quot;}\">\n\t\t\t<div class=\"elementor-widget-wrap elementor-element-populated\">\n\t\t\t\t\t\t<section class=\"elementor-section elementor-inner-section elementor-element elementor-element-2038e323 elementor-section-boxed elementor-section-height-default elementor-section-height-default elementor-invisible\" data-id=\"2038e323\" data-element_type=\"section\" data-e-type=\"section\" data-settings=\"{&quot;background_background&quot;:&quot;classic&quot;,&quot;animation&quot;:&quot;fadeInUp&quot;}\">\n\t\t\t\t\t\t<div class=\"elementor-container elementor-column-gap-default\">\n\t\t\t\t\t<div class=\"elementor-column elementor-col-50 elementor-inner-column elementor-element elementor-element-3b13ff35\" data-id=\"3b13ff35\" data-element_type=\"column\" data-e-type=\"column\">\n\t\t\t<div class=\"elementor-widget-wrap elementor-element-populated\">\n\t\t\t\t\t\t<div class=\"elementor-element elementor-element-66533bd3 elementor-widget elementor-widget-heading\" data-id=\"66533bd3\" data-element_type=\"widget\" data-e-type=\"widget\" data-widget_type=\"heading.default\">\n\t\t\t\t<div class=\"elementor-widget-container\">\n\t\t\t\t\t<div class=\"elementor-heading-title elementor-size-default\"><a href=\"#omar\">LEER M\u00c1S<\/a><\/div>\t\t\t\t<\/div>\n\t\t\t\t<\/div>\n\t\t\t\t\t<\/div>\n\t\t<\/div>\n\t\t\t\t<div class=\"elementor-column elementor-col-50 elementor-inner-column elementor-element elementor-element-3f86da2a\" data-id=\"3f86da2a\" data-element_type=\"column\" data-e-type=\"column\">\n\t\t\t<div class=\"elementor-widget-wrap elementor-element-populated\">\n\t\t\t\t\t\t<div class=\"elementor-element elementor-element-5702767f elementor-view-default elementor-widget elementor-widget-icon\" data-id=\"5702767f\" data-element_type=\"widget\" data-e-type=\"widget\" data-widget_type=\"icon.default\">\n\t\t\t\t<div class=\"elementor-widget-container\">\n\t\t\t\t\t\t\t<div class=\"elementor-icon-wrapper\">\n\t\t\t<a class=\"elementor-icon\" href=\"#omar\">\n\t\t\t<svg aria-hidden=\"true\" class=\"e-font-icon-svg e-fas-arrow-right\" viewBox=\"0 0 448 512\" xmlns=\"http:\/\/www.w3.org\/2000\/svg\"><path d=\"M190.5 66.9l22.2-22.2c9.4-9.4 24.6-9.4 33.9 0L441 239c9.4 9.4 9.4 24.6 0 33.9L246.6 467.3c-9.4 9.4-24.6 9.4-33.9 0l-22.2-22.2c-9.5-9.5-9.3-25 .4-34.3L311.4 296H24c-13.3 0-24-10.7-24-24v-32c0-13.3 10.7-24 24-24h287.4L190.9 101.2c-9.8-9.3-10-24.8-.4-34.3z\"><\/path><\/svg>\t\t\t<\/a>\n\t\t<\/div>\n\t\t\t\t\t\t<\/div>\n\t\t\t\t<\/div>\n\t\t\t\t\t<\/div>\n\t\t<\/div>\n\t\t\t\t\t<\/div>\n\t\t<\/section>\n\t\t\t\t\t<\/div>\n\t\t<\/div>\n\t\t\t\t<div class=\"elementor-column elementor-col-50 elementor-top-column elementor-element elementor-element-400044ad elementor-hidden-mobile\" data-id=\"400044ad\" data-element_type=\"column\" data-e-type=\"column\">\n\t\t\t<div class=\"elementor-widget-wrap\">\n\t\t\t\t\t\t\t<\/div>\n\t\t<\/div>\n\t\t\t\t\t<\/div>\n\t\t<\/section>\n\t\t\t\t<section class=\"elementor-section elementor-top-section elementor-element elementor-element-5c301163 elementor-section-boxed elementor-section-height-default elementor-section-height-default\" data-id=\"5c301163\" data-element_type=\"section\" data-e-type=\"section\">\n\t\t\t\t\t\t<div class=\"elementor-container elementor-column-gap-default\">\n\t\t\t\t\t<div class=\"elementor-column elementor-col-50 elementor-top-column elementor-element elementor-element-5c441dea elementor-hidden-mobile\" data-id=\"5c441dea\" data-element_type=\"column\" data-e-type=\"column\">\n\t\t\t<div class=\"elementor-widget-wrap\">\n\t\t\t\t\t\t\t<\/div>\n\t\t<\/div>\n\t\t\t\t<div class=\"elementor-column elementor-col-50 elementor-top-column elementor-element elementor-element-697fd1b6\" data-id=\"697fd1b6\" data-element_type=\"column\" data-e-type=\"column\" data-settings=\"{&quot;background_background&quot;:&quot;classic&quot;}\">\n\t\t\t<div class=\"elementor-widget-wrap elementor-element-populated\">\n\t\t\t\t\t\t<section class=\"elementor-section elementor-inner-section elementor-element elementor-element-58cf41c6 elementor-section-boxed elementor-section-height-default elementor-section-height-default elementor-invisible\" data-id=\"58cf41c6\" data-element_type=\"section\" data-e-type=\"section\" data-settings=\"{&quot;background_background&quot;:&quot;classic&quot;,&quot;animation&quot;:&quot;fadeInUp&quot;,&quot;animation_delay&quot;:200}\">\n\t\t\t\t\t\t<div class=\"elementor-container elementor-column-gap-default\">\n\t\t\t\t\t<div class=\"elementor-column elementor-col-100 elementor-inner-column elementor-element elementor-element-302d9e90\" data-id=\"302d9e90\" data-element_type=\"column\" data-e-type=\"column\">\n\t\t\t<div class=\"elementor-widget-wrap elementor-element-populated\">\n\t\t\t\t\t\t<div class=\"elementor-element elementor-element-4a884a05 elementor-shape-circle elementor-grid-0 e-grid-align-center elementor-widget elementor-widget-social-icons\" data-id=\"4a884a05\" data-element_type=\"widget\" data-e-type=\"widget\" data-widget_type=\"social-icons.default\">\n\t\t\t\t<div class=\"elementor-widget-container\">\n\t\t\t\t\t\t\t<div class=\"elementor-social-icons-wrapper elementor-grid\" role=\"list\">\n\t\t\t\t\t\t\t<span class=\"elementor-grid-item\" role=\"listitem\">\n\t\t\t\t\t<a class=\"elementor-icon elementor-social-icon elementor-social-icon-jki-instagram-1-light elementor-repeater-item-163990e\" href=\"https:\/\/www.instagram.com\/ommarshawkii\/\" target=\"_blank\">\n\t\t\t\t\t\t<span class=\"elementor-screen-only\">Jki-instagram-1-light<\/span>\n\t\t\t\t\t\t<i aria-hidden=\"true\" class=\"jki jki-instagram-1-light\"><\/i>\t\t\t\t\t<\/a>\n\t\t\t\t<\/span>\n\t\t\t\t\t\t\t<span class=\"elementor-grid-item\" role=\"listitem\">\n\t\t\t\t\t<a class=\"elementor-icon elementor-social-icon elementor-social-icon-tiktok elementor-repeater-item-216994c\" href=\"https:\/\/www.tiktok.com\/@ommarshawkii_?_t=8i327zj6y6a&#038;_r=1\" target=\"_blank\">\n\t\t\t\t\t\t<span class=\"elementor-screen-only\">Tiktok<\/span>\n\t\t\t\t\t\t<svg aria-hidden=\"true\" class=\"e-font-icon-svg e-fab-tiktok\" viewBox=\"0 0 448 512\" xmlns=\"http:\/\/www.w3.org\/2000\/svg\"><path d=\"M448,209.91a210.06,210.06,0,0,1-122.77-39.25V349.38A162.55,162.55,0,1,1,185,188.31V278.2a74.62,74.62,0,1,0,52.23,71.18V0l88,0a121.18,121.18,0,0,0,1.86,22.17h0A122.18,122.18,0,0,0,381,102.39a121.43,121.43,0,0,0,67,20.14Z\"><\/path><\/svg>\t\t\t\t\t<\/a>\n\t\t\t\t<\/span>\n\t\t\t\t\t\t\t<span class=\"elementor-grid-item\" role=\"listitem\">\n\t\t\t\t\t<a class=\"elementor-icon elementor-social-icon elementor-social-icon-jki-twitter elementor-repeater-item-4353f73\" href=\"https:\/\/twitter.com\/ommarshawkii\" target=\"_blank\">\n\t\t\t\t\t\t<span class=\"elementor-screen-only\">Jki-twitter<\/span>\n\t\t\t\t\t\t<i aria-hidden=\"true\" class=\"jki jki-twitter\"><\/i>\t\t\t\t\t<\/a>\n\t\t\t\t<\/span>\n\t\t\t\t\t\t\t<span class=\"elementor-grid-item\" role=\"listitem\">\n\t\t\t\t\t<a class=\"elementor-icon elementor-social-icon elementor-social-icon-jki-youtube-v-light elementor-repeater-item-1c3bdfb\" href=\"https:\/\/www.youtube.com\/@something2say_\" target=\"_blank\">\n\t\t\t\t\t\t<span class=\"elementor-screen-only\">Jki-youtube-v-light<\/span>\n\t\t\t\t\t\t<i aria-hidden=\"true\" class=\"jki jki-youtube-v-light\"><\/i>\t\t\t\t\t<\/a>\n\t\t\t\t<\/span>\n\t\t\t\t\t<\/div>\n\t\t\t\t\t\t<\/div>\n\t\t\t\t<\/div>\n\t\t\t\t\t<\/div>\n\t\t<\/div>\n\t\t\t\t\t<\/div>\n\t\t<\/section>\n\t\t\t\t\t<\/div>\n\t\t<\/div>\n\t\t\t\t\t<\/div>\n\t\t<\/section>\n\t\t\t\t<section class=\"elementor-section elementor-top-section elementor-element elementor-element-61e6d317 elementor-section-boxed elementor-section-height-default elementor-section-height-default\" data-id=\"61e6d317\" data-element_type=\"section\" data-e-type=\"section\" data-settings=\"{&quot;background_background&quot;:&quot;classic&quot;}\">\n\t\t\t\t\t\t\t<div class=\"elementor-background-overlay\"><\/div>\n\t\t\t\t\t\t\t<div class=\"elementor-container elementor-column-gap-default\">\n\t\t\t\t\t<div class=\"elementor-column elementor-col-100 elementor-top-column elementor-element elementor-element-2b285260\" data-id=\"2b285260\" data-element_type=\"column\" data-e-type=\"column\">\n\t\t\t<div class=\"elementor-widget-wrap elementor-element-populated\">\n\t\t\t\t\t\t<div class=\"elementor-element elementor-element-51a3e49 e-my-account-tabs-vertical elementor-widget elementor-widget-woocommerce-my-account\" data-id=\"51a3e49\" data-element_type=\"widget\" data-e-type=\"widget\" data-widget_type=\"woocommerce-my-account.default\">\n\t\t\t\t<div class=\"elementor-widget-container\">\n\t\t\t\t\t<div class=\"e-my-account-tab e-my-account-tab__ \">\t\t\t<span class=\"elementor-hidden\">[woocommerce_my_account]<\/span>\n\t\t\t<div class=\"woocommerce\"><\/div>\t\t<\/div>\n\t\t\t\t\t\t<\/div>\n\t\t\t\t<\/div>\n\t\t\t\t\t<\/div>\n\t\t<\/div>\n\t\t\t\t\t<\/div>\n\t\t<\/section>\n\t\t\t\t<\/div>\n\t\t","protected":false},"excerpt":{"rendered":"<p>LEER M\u00c1S Jki-instagram-1-light Tiktok Jki-twitter Jki-youtube-v-light Dashboard Pedidos Descargas Direcciones M\u00e9todos de pago Detalles Logout Hola ommarshawkii.com (\u00bfno eres ommarshawkii.com? Cerrar sesi\u00f3n) Desde el escritorio de tu cuenta puedes ver tus pedidos recientes, gestionar tus direcciones de env\u00edo y facturaci\u00f3n y editar tu contrase\u00f1a y los detalles de tu cuenta.<\/p>\n","protected":false},"author":1,"featured_media":0,"parent":0,"menu_order":0,"comment_status":"closed","ping_status":"closed","template":"elementor_header_footer","meta":{"footnotes":""},"class_list":["post-322","page","type-page","status-publish","hentry"],"_links":{"self":[{"href":"https:\/\/ommarshawkii.com\/index.php\/wp-json\/wp\/v2\/pages\/322","targetHints":{"allow":["GET"]}}],"collection":[{"href":"https:\/\/ommarshawkii.com\/index.php\/wp-json\/wp\/v2\/pages"}],"about":[{"href":"https:\/\/ommarshawkii.com\/index.php\/wp-json\/wp\/v2\/types\/page"}],"author":[{"embeddable":true,"href":"https:\/\/ommarshawkii.com\/index.php\/wp-json\/wp\/v2\/users\/1"}],"replies":[{"embeddable":true,"href":"https:\/\/ommarshawkii.com\/index.php\/wp-json\/wp\/v2\/comments?post=322"}],"version-history":[{"count":3,"href":"https:\/\/ommarshawkii.com\/index.php\/wp-json\/wp\/v2\/pages\/322\/revisions"}],"predecessor-version":[{"id":414,"href":"https:\/\/ommarshawkii.com\/index.php\/wp-json\/wp\/v2\/pages\/322\/revisions\/414"}],"wp:attachment":[{"href":"https:\/\/ommarshawkii.com\/index.php\/wp-json\/wp\/v2\/media?parent=322"}],"curies":[{"name":"wp","href":"https:\/\/api.w.org\/{rel}","templated":true}]}}